{"id":1200,"date":"2020-02-22T18:57:23","date_gmt":"2020-02-22T17:57:23","guid":{"rendered":"http:\/\/www.enda.fr\/?page_id=1200"},"modified":"2020-03-22T17:34:45","modified_gmt":"2020-03-22T16:34:45","slug":"history","status":"publish","type":"page","link":"https:\/\/www.enda.fr\/en\/history\/","title":{"rendered":"History"},"content":{"rendered":"\n<p>The National School of Art (ENDA) is the extended result of several years of research. What began as a collegial experiment is now unfolding on a national scale. The events that led the Biennale de Paris to create, capture and monopolize the respective forms of college, institute and school, mark not only steps in the realization of its pedagogical research, but more broadly a sensitivity to change, continually redrawing its contours and methods.  <\/p>\n\n\n\n<h3 class=\"wp-block-heading\">2008 <\/h3>\n\n\n\n<h4 class=\"wp-block-heading\">Paris Biennale College<\/h4>\n\n\n\n<p>From the beginnings of the College, certain elements of the ENDA project were already present. Its mobility, as an entity that takes place without having one, made it possible to construct a horizontal organisation; yet the status of professors and students was still undermined by the format and orality of the exchanges. The college then consisted of &#8220;a collegial moment without students, without teachers, without a roof, without a curriculum, at odds with all the notions that constitute art and its teaching&#8221;. The initiative was accompanied by &#8220;usages likely to wrench art from itself\u201d. The two-year existence of the Coll\u00e8ge de la Biennale de Paris, around Ghislain Mollet-Vi\u00e9ville, Alexandre Gurita, Steven Wright, Fran\u00e7ois Deck, Liliane Viala, Sylvain Soussan, Paul Robert, Karine Lebrun, Claire Dehove, Pierre Monjaret, Alain Farfall and Andr\u00e9 \u00c9ric L\u00e9tourneau, brought to the fore issues linked to its status as a school and the potential ways in which it could truly come into contact with art and its system.<\/p>\n\n\n\n<figure class=\"wp-block-image size-large\"><img loading=\"lazy\" decoding=\"async\" width=\"737\" height=\"553\" src=\"http:\/\/www.enda.fr\/en\/wp-content\/uploads\/sites\/7\/2020\/02\/Copie-de-2008-2010_22012010_MAL_strat_elem_3.jpg\" alt=\"\" class=\"wp-image-3478\" srcset=\"https:\/\/www.enda.fr\/en\/wp-content\/uploads\/sites\/7\/2020\/02\/Copie-de-2008-2010_22012010_MAL_strat_elem_3.jpg 737w, https:\/\/www.enda.fr\/en\/wp-content\/uploads\/sites\/7\/2020\/02\/Copie-de-2008-2010_22012010_MAL_strat_elem_3-300x225.jpg 300w, https:\/\/www.enda.fr\/en\/wp-content\/uploads\/sites\/7\/2020\/02\/Copie-de-2008-2010_22012010_MAL_strat_elem_3-555x416.jpg 555w, https:\/\/www.enda.fr\/en\/wp-content\/uploads\/sites\/7\/2020\/02\/Copie-de-2008-2010_22012010_MAL_strat_elem_3-107x80.jpg 107w\" sizes=\"(max-width: 737px) 100vw, 737px\" \/><figcaption>The Biennale Paris College &#8211; Elementary Strategy Module.<br>Mus\u00e9e de la Monnaie, Paris, 22nd of January, 2010.<\/figcaption><\/figure>\n\n\n\n<h3 class=\"wp-block-heading\"><strong>2012<\/strong><\/h3>\n\n\n\n<h4 class=\"wp-block-heading\"><strong>Institut des hautes etudes en arts plastiques (Iheap)<\/strong><\/h4>\n\n\n\n<p>Using the same <em>modus operandi<\/em> that brought it back from the ashes in 2000, the Biennale de Paris absorbed and relaunched the Institut des hautes \u00e9tudes en arts plastiques (Iheap) which had been abandoned by the City of Paris and liquidated in 1995 after seven years of operation. <\/p>\n\n\n\n<p>This institute was intended to be an alternative to ENSBA (Ecole nationale sup\u00e9rieure des beaux-arts de Paris) and was created on the initiative of the mayor of Paris. In 1985 Jacques Chirac asked Pontus Hulten (also one of the designers of the Centre Pompidou) to create a new kind of school. Pontus Hulten then asked personalities such as Pierre Bourdieu, Sarkis and Daniel Buren to set up this institute, which was intended to be revolutionary at the time. Iheap wanted to be a continuation of Bauhaus and Black Mountain College. The institute initiated what is now called the &#8220;post-diploma&#8221;. <\/p>\n\n\n\n<p>By reactivating this institute and allowing it to live again in keeping with its history and under new issues, the new Iheap became an educational and economic agent circulating in an art world where few, if any, initiatives allowed current practices to exist, outside the market or the circuit of legitimacy of large institutions.<\/p>\n\n\n\n<figure class=\"wp-block-image size-large\"><img loading=\"lazy\" decoding=\"async\" width=\"1024\" height=\"768\" src=\"http:\/\/www.enda.fr\/en\/wp-content\/uploads\/sites\/7\/2020\/02\/Copie-de-Iheap_IX_Ph_admiss_12-1024x768.jpg\" alt=\"\" class=\"wp-image-3480\" srcset=\"https:\/\/www.enda.fr\/en\/wp-content\/uploads\/sites\/7\/2020\/02\/Copie-de-Iheap_IX_Ph_admiss_12-1024x768.jpg 1024w, https:\/\/www.enda.fr\/en\/wp-content\/uploads\/sites\/7\/2020\/02\/Copie-de-Iheap_IX_Ph_admiss_12-300x225.jpg 300w, https:\/\/www.enda.fr\/en\/wp-content\/uploads\/sites\/7\/2020\/02\/Copie-de-Iheap_IX_Ph_admiss_12-768x576.jpg 768w, https:\/\/www.enda.fr\/en\/wp-content\/uploads\/sites\/7\/2020\/02\/Copie-de-Iheap_IX_Ph_admiss_12-555x416.jpg 555w, https:\/\/www.enda.fr\/en\/wp-content\/uploads\/sites\/7\/2020\/02\/Copie-de-Iheap_IX_Ph_admiss_12-107x80.jpg 107w, https:\/\/www.enda.fr\/en\/wp-content\/uploads\/sites\/7\/2020\/02\/Copie-de-Iheap_IX_Ph_admiss_12.jpg 1280w\" sizes=\"(max-width: 1024px) 100vw, 1024px\" \/><figcaption>The admission jury of Iheap &#8211; Session IX, 2013, City Hall of the XIth district, Paris.<\/figcaption><\/figure>\n\n\n\n<h3 class=\"wp-block-heading\">2015<\/h3>\n\n\n\n<h4 class=\"wp-block-heading\"><strong>Iheap New York<\/strong><\/h4>\n\n\n\n<p>Thanks to the commitment of Virginia Cimino and a local team, a program in New York is being opened on the model the Paris program. Entirely in English, the New York institute has invited new speakers, both American and foreign, such as Steven Madoff, Jeff Perkins and Robert Storr. In establishing itself in the United States, it was the first French art school abroad. This short experience allowed exploration of the American context and formulation of the premises for the creation of an ENDA in the United States in a second phase to come. One of the major projects of ENDA in US was the lunch of the first Alternative Art School Fair (AASF), organized on Pioneer Works from 20 to 21 of November 2016.<\/p>\n\n\n\n<figure class=\"wp-block-gallery columns-1 is-cropped wp-block-gallery-1 is-layout-flex wp-block-gallery-is-layout-flex\"><ul class=\"blocks-gallery-grid\"><li class=\"blocks-gallery-item\"><figure><img loading=\"lazy\" decoding=\"async\" width=\"768\" height=\"1024\" src=\"http:\/\/www.enda.fr\/en\/wp-content\/uploads\/sites\/7\/2017\/07\/AASF_2016_2-768x1024.jpg\" alt=\"\" data-id=\"2433\" data-full-url=\"http:\/\/www.enda.fr\/en\/wp-content\/uploads\/sites\/7\/2017\/07\/AASF_2016_2.jpg\" data-link=\"http:\/\/www.enda.fr\/en\/_aasf_2016_2-2\/\" class=\"wp-image-2433\" srcset=\"https:\/\/www.enda.fr\/en\/wp-content\/uploads\/sites\/7\/2017\/07\/AASF_2016_2-768x1024.jpg 768w, https:\/\/www.enda.fr\/en\/wp-content\/uploads\/sites\/7\/2017\/07\/AASF_2016_2-225x300.jpg 225w, https:\/\/www.enda.fr\/en\/wp-content\/uploads\/sites\/7\/2017\/07\/AASF_2016_2-600x800.jpg 600w, https:\/\/www.enda.fr\/en\/wp-content\/uploads\/sites\/7\/2017\/07\/AASF_2016_2-1080x1440.jpg 1080w, https:\/\/www.enda.fr\/en\/wp-content\/uploads\/sites\/7\/2017\/07\/AASF_2016_2.jpg 1134w\" sizes=\"(max-width: 768px) 100vw, 768px\" \/><\/figure><\/li><\/ul><figcaption class=\"blocks-gallery-caption\">Before the oppening of the first edition of AASF (Alternative Art School Fair), <br>Pioneer Works, 20-21 of November, 2016. The first fair in the worls dedicated to the innovative education and alternative art school fairs.<\/figcaption><\/figure>\n\n\n\n<h3 class=\"wp-block-heading\">2016<\/h3>\n\n\n\n<h4 class=\"wp-block-heading\">The Paris Biennale in Beirut<\/h4>\n\n\n\n<p>This year&#8217;s session put forward the possibility of organizing a Paris Biennale somewhere in the world as part of its curriculum. The practitioners (at the time they were called &#8220;sessionists&#8221;) chose Beirut. Thus was born the Paris Bienniale in Beirut, which took place from June 27 to July 3, 2016 in different locales in Beirut in partnership with local institutions such as Shams or the Beirut Art Center. Practitioners were invited to formulate a personal project and a collective group project. Among the projects was a photo exhibition that existed only during its disappearance. At the opening of this exhibition, guests were invited to take photos. After the disappearance of all the photos, half an hour after the opening, the exhibition closed. More details: <a href=\"https:\/\/biennaledeparis.org\/Liban\">https:\/\/biennaledeparis.org\/Liban<\/a><\/p>\n\n\n\n<h3 class=\"wp-block-heading\">2018<\/h3>\n\n\n\n<h4 class=\"wp-block-heading\"><strong>Ecole nationale d&#8217;art<\/strong> (ENDA)<\/h4>\n\n\n\n<p>After six years of existence, the Institute for Advanced Studies in Visual Arts (Iheap) became the National School of Art (ENDA). In becoming nationalized, a new dimension opened up for the educational branch of the Paris Bienniale: reversing the idea that the official is hierarchical.That is to say an inductive and inclusive institution, which is not concerned with what comes from above and which establishes itself on the emergence of attitudes and thoughts that are sometimes marginal. Since 2018 ENDA has been engaged in cooperative programs and partnerships with foreign educational institutions. It formulates a plan of development on a national scale with a program in La R\u00e9union and Lyon, and internationally in India and Latin America.<\/p>\n\n\n\n<figure class=\"wp-block-gallery columns-1 is-cropped wp-block-gallery-2 is-layout-flex wp-block-gallery-is-layout-flex\"><ul class=\"blocks-gallery-grid\"><li class=\"blocks-gallery-item\"><figure><img loading=\"lazy\" decoding=\"async\" width=\"1024\" height=\"562\" src=\"http:\/\/www.enda.fr\/en\/wp-content\/uploads\/sites\/7\/2020\/02\/Copie-de-IMG_3938-1024x562.jpg\" alt=\"\" data-id=\"3492\" data-full-url=\"http:\/\/www.enda.fr\/en\/wp-content\/uploads\/sites\/7\/2020\/02\/Copie-de-IMG_3938.jpg\" data-link=\"http:\/\/www.enda.fr\/copie-de-img_3938\/\" class=\"wp-image-3492\" srcset=\"https:\/\/www.enda.fr\/en\/wp-content\/uploads\/sites\/7\/2020\/02\/Copie-de-IMG_3938-1024x562.jpg 1024w, https:\/\/www.enda.fr\/en\/wp-content\/uploads\/sites\/7\/2020\/02\/Copie-de-IMG_3938-300x165.jpg 300w, https:\/\/www.enda.fr\/en\/wp-content\/uploads\/sites\/7\/2020\/02\/Copie-de-IMG_3938-768x422.jpg 768w, https:\/\/www.enda.fr\/en\/wp-content\/uploads\/sites\/7\/2020\/02\/Copie-de-IMG_3938-1536x843.jpg 1536w, https:\/\/www.enda.fr\/en\/wp-content\/uploads\/sites\/7\/2020\/02\/Copie-de-IMG_3938-555x305.jpg 555w, https:\/\/www.enda.fr\/en\/wp-content\/uploads\/sites\/7\/2020\/02\/Copie-de-IMG_3938-146x80.jpg 146w, https:\/\/www.enda.fr\/en\/wp-content\/uploads\/sites\/7\/2020\/02\/Copie-de-IMG_3938.jpg 1545w\" sizes=\"(max-width: 1024px) 100vw, 1024px\" \/><\/figure><\/li><\/ul><figcaption class=\"blocks-gallery-caption\">La ville d&#8217;Alba en Italie ou se situe la Fondation Bottari Lattes, un des partenaires de l&#8217;ENDA du projet europ\u00e9en ETI (Exp\u00e9rimenter une transformation institutionnelle) qui se d\u00e9roule de 2019 \u00e0 2021 dans plusieurs pays europ\u00e9ens.<\/figcaption><\/figure>\n\n\n\n<h3 class=\"wp-block-heading\">2020<\/h3>\n\n\n\n<h4 class=\"wp-block-heading\">An European scale partnership<\/h4>\n\n\n\n<p>This year ENDA initiated a two-year Europe-wide project, ETI (Experimenting Institutional Transformation). ETI invites artists and non-artists alike to reformulate a set of art institutions. Thanks to the intervention of European citizens and artists associated with four European art institutions, ETI takes up the challenge of imagining a new institution that is sensitive to the diversity of social and artistic practices and opens places of culture to wider audiences. Gathered by ENDA, Idensitat in Barcelona (Spain), Minitremu in Targu-Mures (Romania) and the Bottari Lattes Foundation in Turin (Italy) will welcome artists who will be able to experiment with a new kind of programming with audiences, leading to as many institutional reformulations. ETI will conclude with a forum in Paris. This forum will also be an opportunity to prototype a European consultation body to support art and cultural institutions wishing to work on the transforming their model. The project partners: the French Institute of Barcelona (Spain) and of Cluj-Napoca (Romania), and Alliance Fran\u00e7aise of Turin (Italy). The ETI project is co-financed by the European Union&#8217;s Creative Europe program. More info : <a href=\"http:\/\/www.eti-europe.eu\/en\/\">http:\/\/www.eti-europe.eu<\/a><\/p>\n","protected":false},"excerpt":{"rendered":"<p>The National School of Art (ENDA) is the extended result of several years of research. What began as a collegial experiment is now unfolding on a national scale. The events that led the Biennale de Paris to create, capture and monopolize the respective forms of college, institute and school, mark not only steps in the [&hellip;]<\/p>\n","protected":false},"author":1,"featured_media":0,"parent":0,"menu_order":0,"comment_status":"closed","ping_status":"closed","template":"","meta":{"_coblocks_attr":"","_coblocks_dimensions":"","_coblocks_responsive_height":"","_coblocks_accordion_ie_support":"","footnotes":""},"_links":{"self":[{"href":"https:\/\/www.enda.fr\/en\/wp-json\/wp\/v2\/pages\/1200"}],"collection":[{"href":"https:\/\/www.enda.fr\/en\/wp-json\/wp\/v2\/pages"}],"about":[{"href":"https:\/\/www.enda.fr\/en\/wp-json\/wp\/v2\/types\/page"}],"author":[{"embeddable":true,"href":"https:\/\/www.enda.fr\/en\/wp-json\/wp\/v2\/users\/1"}],"replies":[{"embeddable":true,"href":"https:\/\/www.enda.fr\/en\/wp-json\/wp\/v2\/comments?post=1200"}],"version-history":[{"count":80,"href":"https:\/\/www.enda.fr\/en\/wp-json\/wp\/v2\/pages\/1200\/revisions"}],"predecessor-version":[{"id":4162,"href":"https:\/\/www.enda.fr\/en\/wp-json\/wp\/v2\/pages\/1200\/revisions\/4162"}],"wp:attachment":[{"href":"https:\/\/www.enda.fr\/en\/wp-json\/wp\/v2\/media?parent=1200"}],"curies":[{"name":"wp","href":"https:\/\/api.w.org\/{rel}","templated":true}]}}

<p>The National School of Art (ENDA) is the extended result of several years of research. What began as a collegial experiment is now unfolding on a national scale. The events that led the Biennale de Paris to create, capture and monopolize the respective forms of college, institute and school, mark not only steps in the realization of its pedagogical research, but more broadly a sensitivity to change, continually redrawing its contours and methods.  </p>



<h3 class="wp-block-heading">2008 </h3>



<h4 class="wp-block-heading">Paris Biennale College</h4>



<p>From the beginnings of the College, certain elements of the ENDA project were already present. Its mobility, as an entity that takes place without having one, made it possible to construct a horizontal organisation; yet the status of professors and students was still undermined by the format and orality of the exchanges. The college then consisted of &#8220;a collegial moment without students, without teachers, without a roof, without a curriculum, at odds with all the notions that constitute art and its teaching&#8221;. The initiative was accompanied by &#8220;usages likely to wrench art from itself”. The two-year existence of the Collège de la Biennale de Paris, around Ghislain Mollet-Viéville, Alexandre Gurita, Steven Wright, François Deck, Liliane Viala, Sylvain Soussan, Paul Robert, Karine Lebrun, Claire Dehove, Pierre Monjaret, Alain Farfall and André Éric Létourneau, brought to the fore issues linked to its status as a school and the potential ways in which it could truly come into contact with art and its system.</p>



<figure class="wp-block-image size-large"><img loading="lazy" decoding="async" width="737" height="553" src="http://www.enda.fr/en/wp-content/uploads/sites/7/2020/02/Copie-de-2008-2010_22012010_MAL_strat_elem_3.jpg" alt="" class="wp-image-3478" srcset="https://www.enda.fr/en/wp-content/uploads/sites/7/2020/02/Copie-de-2008-2010_22012010_MAL_strat_elem_3.jpg 737w, https://www.enda.fr/en/wp-content/uploads/sites/7/2020/02/Copie-de-2008-2010_22012010_MAL_strat_elem_3-300x225.jpg 300w, https://www.enda.fr/en/wp-content/uploads/sites/7/2020/02/Copie-de-2008-2010_22012010_MAL_strat_elem_3-555x416.jpg 555w, https://www.enda.fr/en/wp-content/uploads/sites/7/2020/02/Copie-de-2008-2010_22012010_MAL_strat_elem_3-107x80.jpg 107w" sizes="(max-width: 737px) 100vw, 737px" /><figcaption>The Biennale Paris College &#8211; Elementary Strategy Module.<br>Musée de la Monnaie, Paris, 22nd of January, 2010.</figcaption></figure>



<h3 class="wp-block-heading"><strong>2012</strong></h3>



<h4 class="wp-block-heading"><strong>Institut des hautes etudes en arts plastiques (Iheap)</strong></h4>



<p>Using the same <em>modus operandi</em> that brought it back from the ashes in 2000, the Biennale de Paris absorbed and relaunched the Institut des hautes études en arts plastiques (Iheap) which had been abandoned by the City of Paris and liquidated in 1995 after seven years of operation. </p>



<p>This institute was intended to be an alternative to ENSBA (Ecole nationale supérieure des beaux-arts de Paris) and was created on the initiative of the mayor of Paris. In 1985 Jacques Chirac asked Pontus Hulten (also one of the designers of the Centre Pompidou) to create a new kind of school. Pontus Hulten then asked personalities such as Pierre Bourdieu, Sarkis and Daniel Buren to set up this institute, which was intended to be revolutionary at the time. Iheap wanted to be a continuation of Bauhaus and Black Mountain College. The institute initiated what is now called the &#8220;post-diploma&#8221;. </p>



<p>By reactivating this institute and allowing it to live again in keeping with its history and under new issues, the new Iheap became an educational and economic agent circulating in an art world where few, if any, initiatives allowed current practices to exist, outside the market or the circuit of legitimacy of large institutions.</p>



<figure class="wp-block-image size-large"><img loading="lazy" decoding="async" width="1024" height="768" src="http://www.enda.fr/en/wp-content/uploads/sites/7/2020/02/Copie-de-Iheap_IX_Ph_admiss_12-1024x768.jpg" alt="" class="wp-image-3480" srcset="https://www.enda.fr/en/wp-content/uploads/sites/7/2020/02/Copie-de-Iheap_IX_Ph_admiss_12-1024x768.jpg 1024w, https://www.enda.fr/en/wp-content/uploads/sites/7/2020/02/Copie-de-Iheap_IX_Ph_admiss_12-300x225.jpg 300w, https://www.enda.fr/en/wp-content/uploads/sites/7/2020/02/Copie-de-Iheap_IX_Ph_admiss_12-768x576.jpg 768w, https://www.enda.fr/en/wp-content/uploads/sites/7/2020/02/Copie-de-Iheap_IX_Ph_admiss_12-555x416.jpg 555w, https://www.enda.fr/en/wp-content/uploads/sites/7/2020/02/Copie-de-Iheap_IX_Ph_admiss_12-107x80.jpg 107w, https://www.enda.fr/en/wp-content/uploads/sites/7/2020/02/Copie-de-Iheap_IX_Ph_admiss_12.jpg 1280w" sizes="(max-width: 1024px) 100vw, 1024px" /><figcaption>The admission jury of Iheap &#8211; Session IX, 2013, City Hall of the XIth district, Paris.</figcaption></figure>



<h3 class="wp-block-heading">2015</h3>



<h4 class="wp-block-heading"><strong>Iheap New York</strong></h4>



<p>Thanks to the commitment of Virginia Cimino and a local team, a program in New York is being opened on the model the Paris program. Entirely in English, the New York institute has invited new speakers, both American and foreign, such as Steven Madoff, Jeff Perkins and Robert Storr. In establishing itself in the United States, it was the first French art school abroad. This short experience allowed exploration of the American context and formulation of the premises for the creation of an ENDA in the United States in a second phase to come. One of the major projects of ENDA in US was the lunch of the first Alternative Art School Fair (AASF), organized on Pioneer Works from 20 to 21 of November 2016.</p>



<figure class="wp-block-gallery columns-1 is-cropped wp-block-gallery-1 is-layout-flex wp-block-gallery-is-layout-flex"><ul class="blocks-gallery-grid"><li class="blocks-gallery-item"><figure><img loading="lazy" decoding="async" width="768" height="1024" src="http://www.enda.fr/en/wp-content/uploads/sites/7/2017/07/AASF_2016_2-768x1024.jpg" alt="" data-id="2433" data-full-url="http://www.enda.fr/en/wp-content/uploads/sites/7/2017/07/AASF_2016_2.jpg" data-link="http://www.enda.fr/en/_aasf_2016_2-2/" class="wp-image-2433" srcset="https://www.enda.fr/en/wp-content/uploads/sites/7/2017/07/AASF_2016_2-768x1024.jpg 768w, https://www.enda.fr/en/wp-content/uploads/sites/7/2017/07/AASF_2016_2-225x300.jpg 225w, https://www.enda.fr/en/wp-content/uploads/sites/7/2017/07/AASF_2016_2-600x800.jpg 600w, https://www.enda.fr/en/wp-content/uploads/sites/7/2017/07/AASF_2016_2-1080x1440.jpg 1080w, https://www.enda.fr/en/wp-content/uploads/sites/7/2017/07/AASF_2016_2.jpg 1134w" sizes="(max-width: 768px) 100vw, 768px" /></figure></li></ul><figcaption class="blocks-gallery-caption">Before the oppening of the first edition of AASF (Alternative Art School Fair), <br>Pioneer Works, 20-21 of November, 2016. The first fair in the worls dedicated to the innovative education and alternative art school fairs.</figcaption></figure>



<h3 class="wp-block-heading">2016</h3>



<h4 class="wp-block-heading">The Paris Biennale in Beirut</h4>



<p>This year&#8217;s session put forward the possibility of organizing a Paris Biennale somewhere in the world as part of its curriculum. The practitioners (at the time they were called &#8220;sessionists&#8221;) chose Beirut. Thus was born the Paris Bienniale in Beirut, which took place from June 27 to July 3, 2016 in different locales in Beirut in partnership with local institutions such as Shams or the Beirut Art Center. Practitioners were invited to formulate a personal project and a collective group project. Among the projects was a photo exhibition that existed only during its disappearance. At the opening of this exhibition, guests were invited to take photos. After the disappearance of all the photos, half an hour after the opening, the exhibition closed. More details: <a href="https://biennaledeparis.org/Liban">https://biennaledeparis.org/Liban</a></p>



<h3 class="wp-block-heading">2018</h3>



<h4 class="wp-block-heading"><strong>Ecole nationale d&#8217;art</strong> (ENDA)</h4>



<p>After six years of existence, the Institute for Advanced Studies in Visual Arts (Iheap) became the National School of Art (ENDA). In becoming nationalized, a new dimension opened up for the educational branch of the Paris Bienniale: reversing the idea that the official is hierarchical.That is to say an inductive and inclusive institution, which is not concerned with what comes from above and which establishes itself on the emergence of attitudes and thoughts that are sometimes marginal. Since 2018 ENDA has been engaged in cooperative programs and partnerships with foreign educational institutions. It formulates a plan of development on a national scale with a program in La Réunion and Lyon, and internationally in India and Latin America.</p>



<figure class="wp-block-gallery columns-1 is-cropped wp-block-gallery-2 is-layout-flex wp-block-gallery-is-layout-flex"><ul class="blocks-gallery-grid"><li class="blocks-gallery-item"><figure><img loading="lazy" decoding="async" width="1024" height="562" src="http://www.enda.fr/en/wp-content/uploads/sites/7/2020/02/Copie-de-IMG_3938-1024x562.jpg" alt="" data-id="3492" data-full-url="http://www.enda.fr/en/wp-content/uploads/sites/7/2020/02/Copie-de-IMG_3938.jpg" data-link="http://www.enda.fr/copie-de-img_3938/" class="wp-image-3492" srcset="https://www.enda.fr/en/wp-content/uploads/sites/7/2020/02/Copie-de-IMG_3938-1024x562.jpg 1024w, https://www.enda.fr/en/wp-content/uploads/sites/7/2020/02/Copie-de-IMG_3938-300x165.jpg 300w, https://www.enda.fr/en/wp-content/uploads/sites/7/2020/02/Copie-de-IMG_3938-768x422.jpg 768w, https://www.enda.fr/en/wp-content/uploads/sites/7/2020/02/Copie-de-IMG_3938-1536x843.jpg 1536w, https://www.enda.fr/en/wp-content/uploads/sites/7/2020/02/Copie-de-IMG_3938-555x305.jpg 555w, https://www.enda.fr/en/wp-content/uploads/sites/7/2020/02/Copie-de-IMG_3938-146x80.jpg 146w, https://www.enda.fr/en/wp-content/uploads/sites/7/2020/02/Copie-de-IMG_3938.jpg 1545w" sizes="(max-width: 1024px) 100vw, 1024px" /></figure></li></ul><figcaption class="blocks-gallery-caption">La ville d&#8217;Alba en Italie ou se situe la Fondation Bottari Lattes, un des partenaires de l&#8217;ENDA du projet européen ETI (Expérimenter une transformation institutionnelle) qui se déroule de 2019 à 2021 dans plusieurs pays européens.</figcaption></figure>



<h3 class="wp-block-heading">2020</h3>



<h4 class="wp-block-heading">An European scale partnership</h4>



<p>This year ENDA initiated a two-year Europe-wide project, ETI (Experimenting Institutional Transformation). ETI invites artists and non-artists alike to reformulate a set of art institutions. Thanks to the intervention of European citizens and artists associated with four European art institutions, ETI takes up the challenge of imagining a new institution that is sensitive to the diversity of social and artistic practices and opens places of culture to wider audiences. Gathered by ENDA, Idensitat in Barcelona (Spain), Minitremu in Targu-Mures (Romania) and the Bottari Lattes Foundation in Turin (Italy) will welcome artists who will be able to experiment with a new kind of programming with audiences, leading to as many institutional reformulations. ETI will conclude with a forum in Paris. This forum will also be an opportunity to prototype a European consultation body to support art and cultural institutions wishing to work on the transforming their model. The project partners: the French Institute of Barcelona (Spain) and of Cluj-Napoca (Romania), and Alliance Française of Turin (Italy). The ETI project is co-financed by the European Union&#8217;s Creative Europe program. More info : <a href="http://www.eti-europe.eu/en/">http://www.eti-europe.eu</a></p>
