{"id":1402,"date":"2020-02-22T21:38:24","date_gmt":"2020-02-22T20:38:24","guid":{"rendered":"http:\/\/www.enda.fr\/?page_id=1402"},"modified":"2021-02-08T02:42:22","modified_gmt":"2021-02-08T01:42:22","slug":"los-comentarios","status":"publish","type":"page","link":"https:\/\/www.enda.fr\/es\/los-comentarios\/","title":{"rendered":"Los comentarios"},"content":{"rendered":"\n<p><em>\u201cRecib\u00ed una docencia de calidad, garant\u00eda de una alternativa perenne y viva. Me uno de buena gana a esta tendencia que parece combinar el sentido com\u00fan y la emancipaci\u00f3n personal\u201d<\/em> <strong>Liam Arbetiam<\/strong><\/p>\n\n\n\n<p><em>&#8220;Es obvio que la escuela me ha servido en mi pr\u00e1ctica y en mi vida. En primer lugar por su contribuci\u00f3n a nivel est\u00e9tico e hist\u00f3rico. Luego, aprendiendo lo que no se nos ense\u00f1a en las escuelas de arte, desarrollando nuestro propio pensamiento sin la idea de que el arte est\u00e1 necesariamente unido a un objeto.&#8221;<\/em> <strong>Ari Poma<\/strong><\/p>\n\n\n\n<p><em>&#8220;Este curr\u00edculum fue un punto de partida para leer mi carrera art\u00edstica desde otro \u00e1ngulo. Un lugar de intercambio, est\u00edmulo y compromiso, encontr\u00e9 el respeto mutuo y una gran capacidad de escucha, lo que me permiti\u00f3 formular respuestas en l\u00ednea con mi visi\u00f3n del arte.<\/em>&#8221; <strong>Anne-Sophie Phar\u00e8s<\/strong><\/p>\n","protected":false},"excerpt":{"rendered":"<p>\u201cRecib\u00ed una docencia de calidad, garant\u00eda de una alternativa perenne y viva. Me uno de buena gana a esta tendencia que parece combinar el sentido com\u00fan y la emancipaci\u00f3n personal\u201d Liam Arbetiam &#8220;Es obvio que la escuela me ha servido en mi pr\u00e1ctica y en mi vida. En primer lugar por su contribuci\u00f3n a nivel [&hellip;]<\/p>\n","protected":false},"author":1,"featured_media":0,"parent":0,"menu_order":0,"comment_status":"closed","ping_status":"closed","template":"","meta":{"_coblocks_attr":"","_coblocks_dimensions":"","_coblocks_responsive_height":"","_coblocks_accordion_ie_support":"","footnotes":""},"_links":{"self":[{"href":"https:\/\/www.enda.fr\/es\/wp-json\/wp\/v2\/pages\/1402"}],"collection":[{"href":"https:\/\/www.enda.fr\/es\/wp-json\/wp\/v2\/pages"}],"about":[{"href":"https:\/\/www.enda.fr\/es\/wp-json\/wp\/v2\/types\/page"}],"author":[{"embeddable":true,"href":"https:\/\/www.enda.fr\/es\/wp-json\/wp\/v2\/users\/1"}],"replies":[{"embeddable":true,"href":"https:\/\/www.enda.fr\/es\/wp-json\/wp\/v2\/comments?post=1402"}],"version-history":[{"count":22,"href":"https:\/\/www.enda.fr\/es\/wp-json\/wp\/v2\/pages\/1402\/revisions"}],"predecessor-version":[{"id":4629,"href":"https:\/\/www.enda.fr\/es\/wp-json\/wp\/v2\/pages\/1402\/revisions\/4629"}],"wp:attachment":[{"href":"https:\/\/www.enda.fr\/es\/wp-json\/wp\/v2\/media?parent=1402"}],"curies":[{"name":"wp","href":"https:\/\/api.w.org\/{rel}","templated":true}]}}

<p><em>“Recibí una docencia de calidad, garantía de una alternativa perenne y viva. Me uno de buena gana a esta tendencia que parece combinar el sentido común y la emancipación personal”</em> <strong>Liam Arbetiam</strong></p>



<p><em>&#8220;Es obvio que la escuela me ha servido en mi práctica y en mi vida. En primer lugar por su contribución a nivel estético e histórico. Luego, aprendiendo lo que no se nos enseña en las escuelas de arte, desarrollando nuestro propio pensamiento sin la idea de que el arte está necesariamente unido a un objeto.&#8221;</em> <strong>Ari Poma</strong></p>



<p><em>&#8220;Este currículum fue un punto de partida para leer mi carrera artística desde otro ángulo. Un lugar de intercambio, estímulo y compromiso, encontré el respeto mutuo y una gran capacidad de escucha, lo que me permitió formular respuestas en línea con mi visión del arte.</em>&#8221; <strong>Anne-Sophie Pharès</strong></p>

<p>“Recibí una docencia de calidad, garantía de una alternativa perenne y viva. Me uno de buena gana a esta tendencia que parece combinar el sentido común y la emancipación personal” Liam Arbetiam &#8220;Es obvio que la escuela me ha servido en mi práctica y en mi vida. En primer lugar por su contribución a nivel [&hellip;]</p>
