{"id":177,"date":"2020-02-22T15:41:56","date_gmt":"2020-02-22T14:41:56","guid":{"rendered":"http:\/\/www.enda.fr\/?page_id=177"},"modified":"2021-02-08T01:06:18","modified_gmt":"2021-02-08T00:06:18","slug":"bibliografia","status":"publish","type":"page","link":"https:\/\/www.enda.fr\/es\/bibliografia\/","title":{"rendered":"Bibliograf\u00eda"},"content":{"rendered":"\n<p>Textos sobre le arte y textos de artistas&nbsp;<\/p>\n\n\n\n<p>T\u00edtulo:&nbsp;<strong>Rapport d\u2019activit\u00e9s de la XVe Biennale de Paris 2006-2008<\/strong><br>Autor: Collectif<br>Edici\u00f3n: Biennale de Paris (Diffus\u00e9 par Paris Mus\u00e9es)<br>A\u00f1o: 1999<br>ISBN: 2-900176-00-X<\/p>\n\n\n\n<p>T\u00edtulo:&nbsp;<strong>L\u2019art et la vie confondus<\/strong><br>Autor: Allan Kaprow<br>Edici\u00f3n: Suppl\u00e9mentaires BPI Centre Georges Pompidou<br>A\u00f1o: 1996<br>ISBN: 2-85850-795-3<\/p>\n\n\n\n<p>T\u00edtulo:&nbsp;<strong>Six Years: The dematerialization of the art object from 1966 to 1972<\/strong><br>Autor: Lucy Lippard<br>Edici\u00f3n: University of California Press, Berkeley, r\u00e9\u00e9dition<br>A\u00f1o: 2003<br>ISBN: 0-520-21013-1<\/p>\n\n\n\n<p>T\u00edtulo:&nbsp;<strong>Internationale Situationniste (1958-1969)<\/strong><br>Autor: Collectif<br>Edici\u00f3n: Librairie Arth\u00e8me Fayard<br>A\u00f1o: 1997<br>ISBN: 2-213-59912-2<\/p>\n\n\n\n<p>T\u00edtulo:&nbsp;<strong>Fluxus Dixit, Une anthologie&nbsp;Vol. 1<\/strong><br>Autor: Collectif<br>Edici\u00f3n: Les Presses du R\u00e9el<br>A\u00f1o: 2002<br>ISBN: 2-84066-072-5<\/p>\n\n\n\n<p>T\u00edtulo:&nbsp;<strong>La lign\u00e9e oubli\u00e9e<\/strong><br>Autor: Marc Partouche<br>Edici\u00f3n: Al Dante Editions<br>A\u00f1o: 2004<br>ISBN: 284761-058-8<\/p>\n\n\n\n<p>T\u00edtulo:&nbsp;<strong>Langages de l\u2019art: une approche de la th\u00e9orie des symboles<\/strong><br>Autor: Nelson Goodman<br>Edici\u00f3n: Editions Jacqueline Chambon<br>A\u00f1o: 1990<br>ISBN: 2-01-279255-3<\/p>\n\n\n\n<p>T\u00edtulo:&nbsp;<strong>L\u2019art dans l\u2019indiff\u00e9rence de l\u2019art<\/strong><br>Autor: Jean-Claude Moineau<br>Edici\u00f3n: PPT \u00e9ditions<br>A\u00f1o: 2001<br>ISBN: 2-9517606-0-4<\/p>\n\n\n\n<p>T\u00edtulo:&nbsp;<strong>L\u2019avenir de l\u2019architecture<\/strong><br>Autor: Frank Lloyd Wright<br>Edici\u00f3n: Deno\u00ebl Gonthier<br>A\u00f1o: 1982<br>ISBN: 2-282-30225-7<\/p>\n\n\n\n<p><strong>Filosof\u00eda<\/strong><\/p>\n\n\n\n<p>T\u00edtulo:&nbsp;<strong>Contre la m\u00e9thode, Esquisse d\u2019une th\u00e9orie anarchiste de la connaissance<\/strong><br>Autor: Paul Feyerabend<br>Edici\u00f3n: Points Sciences<br>A\u00f1o: 2005<br>ISBN : 2-02-005370-5 (1\u00e8re publication)<\/p>\n\n\n\n<p>T\u00edtulo:&nbsp;<strong>\u00c9thique<\/strong><br>(traduction et notes par Charles Appuhn)<br>Autor: Spinoza<br>Edici\u00f3n: GF Flammarion<br>A\u00f1o: 1965<br>ISBN : 2-08-070057-X<\/p>\n\n\n\n<p>T\u00edtulo:&nbsp;<strong>La raison dans l\u2019Histoire<\/strong><br>Autor: Hegel<br>Edici\u00f3n: 10\/18<br>A\u00f1o: 2006<br>ISBN : 2-264-03158-1<\/p>\n\n\n\n<p>T\u00edtulo:&nbsp;<strong>Critique de la vie quotidienne II, Fondements d\u2019une sociologie de la quotidiennet\u00e9<\/strong><br>Autor: Henri Lefebvre<br>Edici\u00f3n: L\u2019Arche \u00e9diteur<br>A\u00f1o: 1961 (r\u00e9\u00e9dition en 1980)<br>ISBN : \u2013<\/p>\n\n\n\n<p>T\u00edtulo:&nbsp;<strong>La convivialit\u00e9\/ (1972)<\/strong><br>Autor: Ivan Illich<br>Edici\u00f3n: \u00c9ditions du Seuil<br>A\u00f1o: 2003<br>ISBN : 978-2-02-004259-8<\/p>\n\n\n\n<p>T\u00edtulo:&nbsp;<strong>L\u2019invention du quotidien \/ Arts de faire \u00bb<\/strong><br>Autor: Michel de Certeau<br>Edici\u00f3n: Folio essais, \u00e9ditions Gallimard<br>A\u00f1o: 1990<br>ISBN : 2-07-032576-8<\/p>\n\n\n\n<p>T\u00edtulo:&nbsp;<strong>Philosophes tao\u00efstes, tome 1 : Lao-Tseu, Tchouang-Tseu, Lie-Tseu<\/strong><br>Autor: Collectif<br>Edici\u00f3n: Biblioth\u00e8que de la Pl\u00e9iade<br>A\u00f1o: 1993<br>ISBN : 2-07-010683-7<\/p>\n\n\n\n<p>T\u00edtulo:&nbsp;<strong>Le diff\u00e9rend<\/strong><br>Autor: Jean-Fran\u00e7ois Lyotard<br>Edici\u00f3n: Les \u00e9ditions de Minuit<br>A\u00f1o: 1993<br>ISBN : 978-2-7073-0661-6<\/p>\n\n\n\n<p>T\u00edtulo:&nbsp;<strong>Quand dire, c\u2019est faire (1962)<\/strong><br>Autor: J. L. Austin<br>Edici\u00f3n: \u00c9ditions du Seuil<br>A\u00f1o: 1970<br>ISBN : 978-2-02-012569-7<\/p>\n\n\n\n<p>T\u00edtulo:&nbsp;<strong>Les r\u00e8gles de l\u2019art<\/strong><br>Autor: Pierre Bourdieu<br>Edici\u00f3n: \u00c9ditions du Seuil<br>A\u00f1o: 1998<br>ISBN : 2-02034975-2<\/p>\n\n\n\n<p>T\u00edtulo:&nbsp;<strong>Entertainment ! Apologie de la domination<\/strong><br>Autor: Francesco Masci<br>Edici\u00f3n: Allia<br>A\u00f1o: 2011<br>ISBN : 2844853927<\/p>\n\n\n\n<p><strong>Esp\u00edritu libre y movimientos pol\u00edticos&nbsp;<\/strong><\/p>\n\n\n\n<p>T\u00edtulo:&nbsp;<strong>Discours de la servitude volontaire (1548)<\/strong><br>Autor: La Bo\u00e9tie<br>Edici\u00f3n: GF Flammarion (poche) (Paris)<br>A\u00f1o: 1983<br>ISBN : 2-08-070394-3<\/p>\n\n\n\n<p>T\u00edtulo:&nbsp;<strong>L\u2019esprit de la r\u00e9volution suivi de Fragments sur les institutions r\u00e9publicaines (1791)<\/strong><br>Autor: Saint-Just<br>Edici\u00f3n: 10-18 (poche)<br>A\u00f1o: 2003<br>ISBN : 2-264-03780-6<\/p>\n\n\n\n<p>T\u00edtulo:&nbsp;<strong>Th\u00e9orie des quatre mouvements et des destin\u00e9es g\u00e9n\u00e9rales (1808), Le nouveau monde amoureux (1841)<\/strong><br>Autor: Charles Fourier<br>Edici\u00f3n: Les Presses du R\u00e9el<br>A\u00f1o: 1998<br>ISBN : 2-84066-027-X<\/p>\n\n\n\n<p>T\u00edtulo:&nbsp;<strong>L\u2019unique et sa propri\u00e9t\u00e9<\/strong><br>Autor: Max Stirner<br>Edici\u00f3n: Jean-Jacques Pauvert<br>A\u00f1o: 1960<br>ISBN : \u2013<\/p>\n\n\n\n<p>T\u00edtulo:&nbsp;<strong>Les Luddites, Bris de machine, \u00e9conomie politique et histoire<\/strong><br>Autor: Vincent Bourdeau, Fran\u00e7ois Jarrige, Julien Vincent<br>Edici\u00f3n: \u00e8\u00aee<br>A\u00f1o: 2006<br>ISBN : 2-915453-11-X<\/p>\n\n\n\n<p>T\u00edtulo:&nbsp;<strong>Ravachol et les anarchistes (1964)<\/strong><br>Autor: Jean Maitron<br>Edici\u00f3n: Folio Histoire<br>A\u00f1o: 1992<br>ISBN : 2-07-032675-6<\/p>\n\n\n\n<p>T\u00edtulo:&nbsp;<strong>Guy Debord pr\u00e9sente Potlatch (1954-1957)<\/strong><br>Autor: Collectif<br>Edici\u00f3n: Folio<br>A\u00f1o: 1996<br>ISBN : 2-07-040134-0<\/p>\n\n\n\n<p>T\u00edtulo:&nbsp;<strong>Le miroir de l\u2019\u00e2me<\/strong><br>Autor: Lichtenberg<br>Edici\u00f3n: Jos\u00e9 Corti<br>A\u00f1o: 1997<br>ISBN : 2-7143-0610-1<\/p>\n\n\n\n<p>T\u00edtulo:&nbsp;<strong>Ce qui d\u00e9pend de nous<\/strong><br>Autor: Epict\u00e8te<br>Edici\u00f3n: Arl\u00e9a<br>A\u00f1o: 1995<br>ISBN : 2-86959-228-0<\/p>\n\n\n\n<p>T\u00edtulo:&nbsp;<strong>Qu\u2019appelle-t-on penser ?<\/strong><br>Autor: Martin Heidegger<br>Edici\u00f3n: Quadrige, Presses Universitaires de France<br>A\u00f1o: 1959<br>ISBN : 2-13-0446-35-3<\/p>\n\n\n\n<p>T\u00edtulo:&nbsp;<strong>Yi King<\/strong><br>Autor: Collectif<br>Edici\u00f3n: Payot et Rivages \/ Petite Biblioth\u00e8que, Paris<br>A\u00f1o: 1998<br>ISBN : 2-7436-0349-6<\/p>\n\n\n\n<p><strong>Estateg\u00eda&nbsp;<\/strong><\/p>\n\n\n\n<p>T\u00edtulo:&nbsp;<strong>L\u2019art de la guerre<\/strong><br>Autor: Sun Tzu<br>Edici\u00f3n: Flammarion<br>A\u00f1o: 1999<br>ISBN : 2080810588<\/p>\n\n\n\n<p>T\u00edtulo:&nbsp;<strong>Les 36 stratag\u00e8mes<\/strong><br>Autor: Inconnu<br>Edici\u00f3n: Rivages Poche, Petite Biblioth\u00e8que<br>A\u00f1o: 2007<br>ISBN : 978-2-7436-1682-3<\/p>\n\n\n\n<p><strong>Comunicaci\u00f3n<\/strong><\/p>\n\n\n\n<p>T\u00edtulo:&nbsp;<strong>Communiquer par \u00e9crit<\/strong><br>Autor: Isabelle d\u2019Humi\u00e8res<br>Edici\u00f3n: Larousse<br>A\u00f1o: 2005<br>ISBN : 2-03-560342-0<\/p>\n\n\n\n<p>T\u00edtulo:\u00a0<strong>Comment prendre la parole en public<\/strong><br>Autor: Jacques-Ren\u00e9 Martin<br>Edici\u00f3n: Demos<br>A\u00f1o: 2002<br>ISBN : 2-910157-35-0<\/p>\n","protected":false},"excerpt":{"rendered":"<p>Textos sobre le arte y textos de artistas&nbsp; T\u00edtulo:&nbsp;Rapport d\u2019activit\u00e9s de la XVe Biennale de Paris 2006-2008Autor: CollectifEdici\u00f3n: Biennale de Paris (Diffus\u00e9 par Paris Mus\u00e9es)A\u00f1o: 1999ISBN: 2-900176-00-X T\u00edtulo:&nbsp;L\u2019art et la vie confondusAutor: Allan KaprowEdici\u00f3n: Suppl\u00e9mentaires BPI Centre Georges PompidouA\u00f1o: 1996ISBN: 2-85850-795-3 T\u00edtulo:&nbsp;Six Years: The dematerialization of the art object from 1966 to 1972Autor: Lucy LippardEdici\u00f3n: [&hellip;]<\/p>\n","protected":false},"author":1,"featured_media":0,"parent":0,"menu_order":0,"comment_status":"closed","ping_status":"closed","template":"","meta":{"_coblocks_attr":"","_coblocks_dimensions":"","_coblocks_responsive_height":"","_coblocks_accordion_ie_support":"","footnotes":""},"_links":{"self":[{"href":"https:\/\/www.enda.fr\/es\/wp-json\/wp\/v2\/pages\/177"}],"collection":[{"href":"https:\/\/www.enda.fr\/es\/wp-json\/wp\/v2\/pages"}],"about":[{"href":"https:\/\/www.enda.fr\/es\/wp-json\/wp\/v2\/types\/page"}],"author":[{"embeddable":true,"href":"https:\/\/www.enda.fr\/es\/wp-json\/wp\/v2\/users\/1"}],"replies":[{"embeddable":true,"href":"https:\/\/www.enda.fr\/es\/wp-json\/wp\/v2\/comments?post=177"}],"version-history":[{"count":15,"href":"https:\/\/www.enda.fr\/es\/wp-json\/wp\/v2\/pages\/177\/revisions"}],"predecessor-version":[{"id":4563,"href":"https:\/\/www.enda.fr\/es\/wp-json\/wp\/v2\/pages\/177\/revisions\/4563"}],"wp:attachment":[{"href":"https:\/\/www.enda.fr\/es\/wp-json\/wp\/v2\/media?parent=177"}],"curies":[{"name":"wp","href":"https:\/\/api.w.org\/{rel}","templated":true}]}}

Bibliografía

<p>Textos sobre le arte y textos de artistas&nbsp;</p>



<p>Título:&nbsp;<strong>Rapport d’activités de la XVe Biennale de Paris 2006-2008</strong><br>Autor: Collectif<br>Edición: Biennale de Paris (Diffusé par Paris Musées)<br>Año: 1999<br>ISBN: 2-900176-00-X</p>



<p>Título:&nbsp;<strong>L’art et la vie confondus</strong><br>Autor: Allan Kaprow<br>Edición: Supplémentaires BPI Centre Georges Pompidou<br>Año: 1996<br>ISBN: 2-85850-795-3</p>



<p>Título:&nbsp;<strong>Six Years: The dematerialization of the art object from 1966 to 1972</strong><br>Autor: Lucy Lippard<br>Edición: University of California Press, Berkeley, réédition<br>Año: 2003<br>ISBN: 0-520-21013-1</p>



<p>Título:&nbsp;<strong>Internationale Situationniste (1958-1969)</strong><br>Autor: Collectif<br>Edición: Librairie Arthème Fayard<br>Año: 1997<br>ISBN: 2-213-59912-2</p>



<p>Título:&nbsp;<strong>Fluxus Dixit, Une anthologie&nbsp;Vol. 1</strong><br>Autor: Collectif<br>Edición: Les Presses du Réel<br>Año: 2002<br>ISBN: 2-84066-072-5</p>



<p>Título:&nbsp;<strong>La lignée oubliée</strong><br>Autor: Marc Partouche<br>Edición: Al Dante Editions<br>Año: 2004<br>ISBN: 284761-058-8</p>



<p>Título:&nbsp;<strong>Langages de l’art: une approche de la théorie des symboles</strong><br>Autor: Nelson Goodman<br>Edición: Editions Jacqueline Chambon<br>Año: 1990<br>ISBN: 2-01-279255-3</p>



<p>Título:&nbsp;<strong>L’art dans l’indifférence de l’art</strong><br>Autor: Jean-Claude Moineau<br>Edición: PPT éditions<br>Año: 2001<br>ISBN: 2-9517606-0-4</p>



<p>Título:&nbsp;<strong>L’avenir de l’architecture</strong><br>Autor: Frank Lloyd Wright<br>Edición: Denoël Gonthier<br>Año: 1982<br>ISBN: 2-282-30225-7</p>



<p><strong>Filosofía</strong></p>



<p>Título:&nbsp;<strong>Contre la méthode, Esquisse d’une théorie anarchiste de la connaissance</strong><br>Autor: Paul Feyerabend<br>Edición: Points Sciences<br>Año: 2005<br>ISBN : 2-02-005370-5 (1ère publication)</p>



<p>Título:&nbsp;<strong>Éthique</strong><br>(traduction et notes par Charles Appuhn)<br>Autor: Spinoza<br>Edición: GF Flammarion<br>Año: 1965<br>ISBN : 2-08-070057-X</p>



<p>Título:&nbsp;<strong>La raison dans l’Histoire</strong><br>Autor: Hegel<br>Edición: 10/18<br>Año: 2006<br>ISBN : 2-264-03158-1</p>



<p>Título:&nbsp;<strong>Critique de la vie quotidienne II, Fondements d’une sociologie de la quotidienneté</strong><br>Autor: Henri Lefebvre<br>Edición: L’Arche éditeur<br>Año: 1961 (réédition en 1980)<br>ISBN : –</p>



<p>Título:&nbsp;<strong>La convivialité/ (1972)</strong><br>Autor: Ivan Illich<br>Edición: Éditions du Seuil<br>Año: 2003<br>ISBN : 978-2-02-004259-8</p>



<p>Título:&nbsp;<strong>L’invention du quotidien / Arts de faire »</strong><br>Autor: Michel de Certeau<br>Edición: Folio essais, éditions Gallimard<br>Año: 1990<br>ISBN : 2-07-032576-8</p>



<p>Título:&nbsp;<strong>Philosophes taoïstes, tome 1 : Lao-Tseu, Tchouang-Tseu, Lie-Tseu</strong><br>Autor: Collectif<br>Edición: Bibliothèque de la Pléiade<br>Año: 1993<br>ISBN : 2-07-010683-7</p>



<p>Título:&nbsp;<strong>Le différend</strong><br>Autor: Jean-François Lyotard<br>Edición: Les éditions de Minuit<br>Año: 1993<br>ISBN : 978-2-7073-0661-6</p>



<p>Título:&nbsp;<strong>Quand dire, c’est faire (1962)</strong><br>Autor: J. L. Austin<br>Edición: Éditions du Seuil<br>Año: 1970<br>ISBN : 978-2-02-012569-7</p>



<p>Título:&nbsp;<strong>Les règles de l’art</strong><br>Autor: Pierre Bourdieu<br>Edición: Éditions du Seuil<br>Año: 1998<br>ISBN : 2-02034975-2</p>



<p>Título:&nbsp;<strong>Entertainment ! Apologie de la domination</strong><br>Autor: Francesco Masci<br>Edición: Allia<br>Año: 2011<br>ISBN : 2844853927</p>



<p><strong>Espíritu libre y movimientos políticos&nbsp;</strong></p>



<p>Título:&nbsp;<strong>Discours de la servitude volontaire (1548)</strong><br>Autor: La Boétie<br>Edición: GF Flammarion (poche) (Paris)<br>Año: 1983<br>ISBN : 2-08-070394-3</p>



<p>Título:&nbsp;<strong>L’esprit de la révolution suivi de Fragments sur les institutions républicaines (1791)</strong><br>Autor: Saint-Just<br>Edición: 10-18 (poche)<br>Año: 2003<br>ISBN : 2-264-03780-6</p>



<p>Título:&nbsp;<strong>Théorie des quatre mouvements et des destinées générales (1808), Le nouveau monde amoureux (1841)</strong><br>Autor: Charles Fourier<br>Edición: Les Presses du Réel<br>Año: 1998<br>ISBN : 2-84066-027-X</p>



<p>Título:&nbsp;<strong>L’unique et sa propriété</strong><br>Autor: Max Stirner<br>Edición: Jean-Jacques Pauvert<br>Año: 1960<br>ISBN : –</p>



<p>Título:&nbsp;<strong>Les Luddites, Bris de machine, économie politique et histoire</strong><br>Autor: Vincent Bourdeau, François Jarrige, Julien Vincent<br>Edición: è®e<br>Año: 2006<br>ISBN : 2-915453-11-X</p>



<p>Título:&nbsp;<strong>Ravachol et les anarchistes (1964)</strong><br>Autor: Jean Maitron<br>Edición: Folio Histoire<br>Año: 1992<br>ISBN : 2-07-032675-6</p>



<p>Título:&nbsp;<strong>Guy Debord présente Potlatch (1954-1957)</strong><br>Autor: Collectif<br>Edición: Folio<br>Año: 1996<br>ISBN : 2-07-040134-0</p>



<p>Título:&nbsp;<strong>Le miroir de l’âme</strong><br>Autor: Lichtenberg<br>Edición: José Corti<br>Año: 1997<br>ISBN : 2-7143-0610-1</p>



<p>Título:&nbsp;<strong>Ce qui dépend de nous</strong><br>Autor: Epictète<br>Edición: Arléa<br>Año: 1995<br>ISBN : 2-86959-228-0</p>



<p>Título:&nbsp;<strong>Qu’appelle-t-on penser ?</strong><br>Autor: Martin Heidegger<br>Edición: Quadrige, Presses Universitaires de France<br>Año: 1959<br>ISBN : 2-13-0446-35-3</p>



<p>Título:&nbsp;<strong>Yi King</strong><br>Autor: Collectif<br>Edición: Payot et Rivages / Petite Bibliothèque, Paris<br>Año: 1998<br>ISBN : 2-7436-0349-6</p>



<p><strong>Estategía&nbsp;</strong></p>



<p>Título:&nbsp;<strong>L’art de la guerre</strong><br>Autor: Sun Tzu<br>Edición: Flammarion<br>Año: 1999<br>ISBN : 2080810588</p>



<p>Título:&nbsp;<strong>Les 36 stratagèmes</strong><br>Autor: Inconnu<br>Edición: Rivages Poche, Petite Bibliothèque<br>Año: 2007<br>ISBN : 978-2-7436-1682-3</p>



<p><strong>Comunicación</strong></p>



<p>Título:&nbsp;<strong>Communiquer par écrit</strong><br>Autor: Isabelle d’Humières<br>Edición: Larousse<br>Año: 2005<br>ISBN : 2-03-560342-0</p>



<p>Título: <strong>Comment prendre la parole en public</strong><br>Autor: Jacques-René Martin<br>Edición: Demos<br>Año: 2002<br>ISBN : 2-910157-35-0</p>

<p>Textos sobre le arte y textos de artistas&nbsp; Título:&nbsp;Rapport d’activités de la XVe Biennale de Paris 2006-2008Autor: CollectifEdición: Biennale de Paris (Diffusé par Paris Musées)Año: 1999ISBN: 2-900176-00-X Título:&nbsp;L’art et la vie confondusAutor: Allan KaprowEdición: Supplémentaires BPI Centre Georges PompidouAño: 1996ISBN: 2-85850-795-3 Título:&nbsp;Six Years: The dematerialization of the art object from 1966 to 1972Autor: Lucy LippardEdición: [&hellip;]</p>
