{"id":3864,"date":"2020-03-01T17:38:50","date_gmt":"2020-03-01T16:38:50","guid":{"rendered":"http:\/\/www.enda.fr\/?page_id=3864"},"modified":"2021-02-08T02:49:54","modified_gmt":"2021-02-08T01:49:54","slug":"residencias","status":"publish","type":"page","link":"https:\/\/www.enda.fr\/es\/residencias\/","title":{"rendered":"Residencias"},"content":{"rendered":"\n<p>La ENDA propone residencias a los participantes para proyectos personales o en grupo. Estas residencias son abiertas a todos los practicantes. Las colaboraciones pueden tener lugar con personas exteriores a la ENDA.<\/p>\n\n\n\n<p><strong><strong>Residencia Clas Von Ehen<\/strong><br><\/strong>Rue Clas Von Ehen,\u00a0Ehen,\u00a0Luxembourg<br>Un mes, del 1<sup>er<\/sup> de junio al 30 de septiembre<br>Se trata de un estudio de 50 m2 con una cocina peque\u00f1a y un cuarto de ba\u00f1o. Ehen se encuentra a 20km de Luxemburgo y es accesible en bus.\u00a0<br>N\u00famero de residentes: uno o dos practicantes\u00a0<br>Condiciones: realizar un proyecto en un lugar en Luxemburgo<br>Documentos de candidatura: un documento PDF enviado al secretariado con un descriptivo del proyecto y un CV. Varios documentos complementarios pueden preguntarse.\u00a0<\/p>\n\n\n\n<p><strong><strong><strong><strong>Residencia<\/strong> Cap Corse<\/strong><\/strong><br><\/strong>Fotograficasa, Magna Sottana,\u00a0Rogliano,\u00a020247,\u00a0Corsica<br>Un mes, entre 1er de noviembre y el 30 de abril<br>Fotografiacasa invita un practicante de la ENDA a realizar un proyecto en el Cap Corse en un panorama extraordinario en la punta al norte de la isla.\u00a0<br>N\u00famero de residentes: una o dos practicantes\u00a0<br>Condiciones: el poyecto tendr\u00e1 que incluir la participaci\u00f3n de ni\u00f1os y\/o adolescentes de la escuela adosada a la residencia. Esta participaci\u00f3n puede ser de cualquier orden como una carrera, una feria, hacer un sello, una clase de baile para ni\u00f1os&#8230;<br>Servicios: alojamiento<br>Documentos de candidatura: un documento PDF enviado al secretariado con un descriptivo del proyecto y un CV. Varios documentos complementarios pueden preguntarse.<\/p>\n\n\n\n<p><strong><strong>Residencia<\/strong> Larnaca<br><\/strong>Larnaca, Chipre<br>Un mes, periodo a definir\u00a0<br>Los practicantes de la ENDA son invitados a realizar un proyecto a Larnaca en Chipre cerca del Mar mediteraneo.\u00a0<br>N\u00famero de residente: uno o dos practicantes<br>Condiciones: los gastos (agua y electricidad) son a la carga de los residentes<br>Servicios: alojamiento\u00a0<br>Documentos de candidatura: un documento PDF enviado al secretariado con un descriptivo del proyecto y un CV. Varios documentos complementarios pueden preguntarse.<\/p>\n\n\n\n<p><strong><strong>Residencia Beirut<\/strong><\/strong><br>Beirut, Libano\u00a0<br>Un mes, periodo a definir\u00a0<br>Se invitan los participantes a realizar un proyecto en Beirut.\u00a0<br>N\u00famero de residentes: tres participantes al m\u00e1ximo para residencia para un mes.\u00a0<br>Condiciones: ninguna.\u00a0<br>Servicio: alojamiento\u00a0<br>Documentos de candidatura: un documento PDF enviado al secretariado con un descriptivo del proyecto y un CV. Varios documentos complementarios pueden preguntarse.<\/p>\n","protected":false},"excerpt":{"rendered":"<p>La ENDA propone residencias a los participantes para proyectos personales o en grupo. Estas residencias son abiertas a todos los practicantes. Las colaboraciones pueden tener lugar con personas exteriores a la ENDA. Residencia Clas Von EhenRue Clas Von Ehen,\u00a0Ehen,\u00a0LuxembourgUn mes, del 1er de junio al 30 de septiembreSe trata de un estudio de 50 m2 [&hellip;]<\/p>\n","protected":false},"author":1,"featured_media":0,"parent":0,"menu_order":0,"comment_status":"closed","ping_status":"closed","template":"","meta":{"_coblocks_attr":"","_coblocks_dimensions":"","_coblocks_responsive_height":"","_coblocks_accordion_ie_support":"","footnotes":""},"_links":{"self":[{"href":"https:\/\/www.enda.fr\/es\/wp-json\/wp\/v2\/pages\/3864"}],"collection":[{"href":"https:\/\/www.enda.fr\/es\/wp-json\/wp\/v2\/pages"}],"about":[{"href":"https:\/\/www.enda.fr\/es\/wp-json\/wp\/v2\/types\/page"}],"author":[{"embeddable":true,"href":"https:\/\/www.enda.fr\/es\/wp-json\/wp\/v2\/users\/1"}],"replies":[{"embeddable":true,"href":"https:\/\/www.enda.fr\/es\/wp-json\/wp\/v2\/comments?post=3864"}],"version-history":[{"count":5,"href":"https:\/\/www.enda.fr\/es\/wp-json\/wp\/v2\/pages\/3864\/revisions"}],"predecessor-version":[{"id":4632,"href":"https:\/\/www.enda.fr\/es\/wp-json\/wp\/v2\/pages\/3864\/revisions\/4632"}],"wp:attachment":[{"href":"https:\/\/www.enda.fr\/es\/wp-json\/wp\/v2\/media?parent=3864"}],"curies":[{"name":"wp","href":"https:\/\/api.w.org\/{rel}","templated":true}]}}

<p>La ENDA propone residencias a los participantes para proyectos personales o en grupo. Estas residencias son abiertas a todos los practicantes. Las colaboraciones pueden tener lugar con personas exteriores a la ENDA.</p>



<p><strong><strong>Residencia Clas Von Ehen</strong><br></strong>Rue Clas Von Ehen, Ehen, Luxembourg<br>Un mes, del 1<sup>er</sup> de junio al 30 de septiembre<br>Se trata de un estudio de 50 m2 con una cocina pequeña y un cuarto de baño. Ehen se encuentra a 20km de Luxemburgo y es accesible en bus. <br>Número de residentes: uno o dos practicantes <br>Condiciones: realizar un proyecto en un lugar en Luxemburgo<br>Documentos de candidatura: un documento PDF enviado al secretariado con un descriptivo del proyecto y un CV. Varios documentos complementarios pueden preguntarse. </p>



<p><strong><strong><strong><strong>Residencia</strong> Cap Corse</strong></strong><br></strong>Fotograficasa, Magna Sottana, Rogliano, 20247, Corsica<br>Un mes, entre 1er de noviembre y el 30 de abril<br>Fotografiacasa invita un practicante de la ENDA a realizar un proyecto en el Cap Corse en un panorama extraordinario en la punta al norte de la isla. <br>Número de residentes: una o dos practicantes <br>Condiciones: el poyecto tendrá que incluir la participación de niños y/o adolescentes de la escuela adosada a la residencia. Esta participación puede ser de cualquier orden como una carrera, una feria, hacer un sello, una clase de baile para niños&#8230;<br>Servicios: alojamiento<br>Documentos de candidatura: un documento PDF enviado al secretariado con un descriptivo del proyecto y un CV. Varios documentos complementarios pueden preguntarse.</p>



<p><strong><strong>Residencia</strong> Larnaca<br></strong>Larnaca, Chipre<br>Un mes, periodo a definir <br>Los practicantes de la ENDA son invitados a realizar un proyecto a Larnaca en Chipre cerca del Mar mediteraneo. <br>Número de residente: uno o dos practicantes<br>Condiciones: los gastos (agua y electricidad) son a la carga de los residentes<br>Servicios: alojamiento <br>Documentos de candidatura: un documento PDF enviado al secretariado con un descriptivo del proyecto y un CV. Varios documentos complementarios pueden preguntarse.</p>



<p><strong><strong>Residencia Beirut</strong></strong><br>Beirut, Libano <br>Un mes, periodo a definir <br>Se invitan los participantes a realizar un proyecto en Beirut. <br>Número de residentes: tres participantes al máximo para residencia para un mes. <br>Condiciones: ninguna. <br>Servicio: alojamiento <br>Documentos de candidatura: un documento PDF enviado al secretariado con un descriptivo del proyecto y un CV. Varios documentos complementarios pueden preguntarse.</p>
