{"id":4073,"date":"2020-03-05T09:11:53","date_gmt":"2020-03-05T08:11:53","guid":{"rendered":"http:\/\/www.enda.fr\/?page_id=4073"},"modified":"2022-10-19T16:31:45","modified_gmt":"2022-10-19T14:31:45","slug":"sesion-xxii","status":"publish","type":"page","link":"https:\/\/www.enda.fr\/es\/sesion-xxii\/","title":{"rendered":"Sesi\u00f3n XXII"},"content":{"rendered":"\n<p><strong><strong>Del 25 de Noviembre, 2022 al 30 de Junio de 202<\/strong>3<\/strong><\/p>\n\n\n\n<p>La ENDA (\u00c9cole nationale d\u2019art) es una instituci\u00f3n de investigaci\u00f3n y de experimentaci\u00f3n en arte que se constituye como la secci\u00f3n pedag\u00f3gica de la Bienal de Par\u00eds.&nbsp;<\/p>\n\n\n\n<p>Se trata de una escuela disruptiva de nueva generaci\u00f3n con una pedagog\u00eda innovadora que propone un curso ofreciendo a sus participantes la oportunidad de liberarse de modelos herederos del arte del siglo XX, como la producci\u00f3n de obra de arte, el artista aislado, la exposici\u00f3n, el mercado de arte, el espectador o el taller.&nbsp;<\/p>\n\n\n\n<p>La escuela propone de poner en evidencia retos presentes en el arte del siglo XXI, una historia en fase de redacci\u00f3n en la cual se invitan los practicantes a imaginar sus propios lugares.&nbsp;<\/p>\n\n\n\n<p>La ENDA es un contexto para experimentar los procesos liberados de la pr\u00e1ctica \u00fanica del arte, un espacio de emancipaci\u00f3n que se expresa como un eco a la situaci\u00f3n pol\u00edtica, econ\u00f3mica y social sobrepasando la del arte&nbsp;<\/p>\n\n\n\n<h3 class=\"wp-block-heading\"><strong><strong>Elegibilidad<\/strong><\/strong><\/h3>\n\n\n\n<p>La formaci\u00f3n est\u00e1 abierta a todos y todas a partir de 18 a\u00f1os y a profesionales de todos los \u00e1mbitos.&nbsp;Ning\u00fan diploma y ni limite de edad se exigen.&nbsp;El curso se puede realizar en paralelo con una actividad profesional o otras formaciones cuya est\u00e1 complementaria.&nbsp;Aunque varios criterios entren en cuenta en las condiciones de admisi\u00f3n, la motivaci\u00f3n es el criterio determinante.&nbsp;<\/p>\n\n\n\n<h3 class=\"wp-block-heading\"><strong><strong>Objetivos<\/strong><\/strong><\/h3>\n\n\n\n<p>&#8211; Proponer un contexto para formular una pr\u00e1ctica singular;&nbsp;<br>&#8211; Ofrecer una formaci\u00f3n de alto nivel abierto a todos y todas sin condici\u00f3n de diploma o de edad;&nbsp;<br>&#8211; Entregar las llaves para desarrollar una econom\u00eda adaptada a la especificidad de su actividad;&nbsp;<br>&#8211; Aplicar competencias adquiridas en todos los aspectos de su vida profesional y privada;&nbsp;<br>&#8211; Beneficiar de un cuadro que incita a la inventiva.&nbsp;<\/p>\n\n\n\n<p>Acceso directo a la secci\u00f3n \u00bf Por qu\u00e9 integrar la ENDA? Con argumentos m\u00e1s exhaustivos y m\u00faltiples razones para los cuales el candidato o la candidata puede integrar la ENDA.&nbsp;<\/p>\n\n\n\n<h3 class=\"wp-block-heading\"><strong>Becas de investigaci\u00f3n y de experimentaci\u00f3n<\/strong><\/h3>\n\n\n\n<p>La ENDA ofrece dos becas de investigaci\u00f3n y de experimentaci\u00f3n a un candidato o una candidata que puede beneficiar de su programa y formular una investigaci\u00f3n sin equivalente en Francia o al internacional.&nbsp;<\/p>\n\n\n\n<h3 class=\"wp-block-heading\"><strong>Bourse<\/strong><\/h3>\n\n\n\n<p>ENDA offre deux bourses de recherche et d\u2019exp\u00e9rimentation \u00e0 une candidate ou un candidat qui pourrait b\u00e9n\u00e9ficier de son programme et formuler une recherche sans \u00e9quivalent en France ou \u00e0 l&#8217;international.<\/p>\n\n\n\n<h3 class=\"wp-block-heading\"><strong><strong>Informaciones<\/strong> <\/strong><\/h3>\n\n\n\n<p>Los m\u00f3dulos de trabajo te\u00f3ricos y pr\u00e1cticos tienen lugar los jueves y los viernes de 10h a 13h y de 15h a 18h. Las lenguas de trabajo son el franc\u00e9s y el ingl\u00e9s de manera puntual. Al final de la sesi\u00f3n, la ENDA entrega un DNREA (Diploma nacional de investigaci\u00f3n y de experimentaci\u00f3n en arte) tras una entrevista ante un jurado\/tribunal de sesi\u00f3n y sobre la base de un trabajo serio realizado durante la sesi\u00f3n.<\/p>\n\n\n\n<h3 class=\"wp-block-heading\"><strong><strong>Candidatura<\/strong><\/strong><\/h3>\n\n\n\n<p>Las candidaturas se tratan en flujo continuo. El n\u00famero de estudiantes es limitado, se aconseja inscribirse lo m\u00e1s temprano posible.&nbsp;La matr\u00edcula y los gastos de los cursos pueden pagarse en varios plazos y pueden cubrirse como educaci\u00f3n continua, becas de investigaci\u00f3n o residencias.<\/p>\n\n\n\n<p>Las candidaturas se realizan en l\u00ednea en la p\u00e1gina siguiente:<br><a href=\"https:\/\/form.jotform.com\/lacentrale75\/formulaire-de-candidature-enda\">FORMULARIO DE CANDIDATURA<\/a><\/p>\n\n\n\n<p>Pr\u00f3xima fecha limite de candidatura:\u00a0<br><strong>30 de Octubre, 2022\u00a0<\/strong><\/p>\n\n\n\n<h3 class=\"wp-block-heading\">Contacto<\/h3>\n\n\n\n<p>El secretariado<br>Email: admissions@enda.fr<br>http:\/\/www.enda.fr<\/p>\n","protected":false},"excerpt":{"rendered":"<p>Del 25 de Noviembre, 2022 al 30 de Junio de 2023 La ENDA (\u00c9cole nationale d\u2019art) es una instituci\u00f3n de investigaci\u00f3n y de experimentaci\u00f3n en arte que se constituye como la secci\u00f3n pedag\u00f3gica de la Bienal de Par\u00eds.&nbsp; Se trata de una escuela disruptiva de nueva generaci\u00f3n con una pedagog\u00eda innovadora que propone un curso [&hellip;]<\/p>\n","protected":false},"author":1,"featured_media":4333,"parent":0,"menu_order":0,"comment_status":"closed","ping_status":"closed","template":"","meta":{"_coblocks_attr":"","_coblocks_dimensions":"","_coblocks_responsive_height":"","_coblocks_accordion_ie_support":"","footnotes":""},"_links":{"self":[{"href":"https:\/\/www.enda.fr\/es\/wp-json\/wp\/v2\/pages\/4073"}],"collection":[{"href":"https:\/\/www.enda.fr\/es\/wp-json\/wp\/v2\/pages"}],"about":[{"href":"https:\/\/www.enda.fr\/es\/wp-json\/wp\/v2\/types\/page"}],"author":[{"embeddable":true,"href":"https:\/\/www.enda.fr\/es\/wp-json\/wp\/v2\/users\/1"}],"replies":[{"embeddable":true,"href":"https:\/\/www.enda.fr\/es\/wp-json\/wp\/v2\/comments?post=4073"}],"version-history":[{"count":66,"href":"https:\/\/www.enda.fr\/es\/wp-json\/wp\/v2\/pages\/4073\/revisions"}],"predecessor-version":[{"id":4848,"href":"https:\/\/www.enda.fr\/es\/wp-json\/wp\/v2\/pages\/4073\/revisions\/4848"}],"wp:featuredmedia":[{"embeddable":true,"href":"https:\/\/www.enda.fr\/es\/wp-json\/wp\/v2\/media\/4333"}],"wp:attachment":[{"href":"https:\/\/www.enda.fr\/es\/wp-json\/wp\/v2\/media?parent=4073"}],"curies":[{"name":"wp","href":"https:\/\/api.w.org\/{rel}","templated":true}]}}

Sesión XXII

<p><strong><strong>Del 25 de Noviembre, 2022 al 30 de Junio de 202</strong>3</strong></p>



<p>La ENDA (École nationale d’art) es una institución de investigación y de experimentación en arte que se constituye como la sección pedagógica de la Bienal de París.&nbsp;</p>



<p>Se trata de una escuela disruptiva de nueva generación con una pedagogía innovadora que propone un curso ofreciendo a sus participantes la oportunidad de liberarse de modelos herederos del arte del siglo XX, como la producción de obra de arte, el artista aislado, la exposición, el mercado de arte, el espectador o el taller.&nbsp;</p>



<p>La escuela propone de poner en evidencia retos presentes en el arte del siglo XXI, una historia en fase de redacción en la cual se invitan los practicantes a imaginar sus propios lugares.&nbsp;</p>



<p>La ENDA es un contexto para experimentar los procesos liberados de la práctica única del arte, un espacio de emancipación que se expresa como un eco a la situación política, económica y social sobrepasando la del arte&nbsp;</p>



<h3 class="wp-block-heading"><strong><strong>Elegibilidad</strong></strong></h3>



<p>La formación está abierta a todos y todas a partir de 18 años y a profesionales de todos los ámbitos.&nbsp;Ningún diploma y ni limite de edad se exigen.&nbsp;El curso se puede realizar en paralelo con una actividad profesional o otras formaciones cuya está complementaria.&nbsp;Aunque varios criterios entren en cuenta en las condiciones de admisión, la motivación es el criterio determinante.&nbsp;</p>



<h3 class="wp-block-heading"><strong><strong>Objetivos</strong></strong></h3>



<p>&#8211; Proponer un contexto para formular una práctica singular;&nbsp;<br>&#8211; Ofrecer una formación de alto nivel abierto a todos y todas sin condición de diploma o de edad;&nbsp;<br>&#8211; Entregar las llaves para desarrollar una economía adaptada a la especificidad de su actividad;&nbsp;<br>&#8211; Aplicar competencias adquiridas en todos los aspectos de su vida profesional y privada;&nbsp;<br>&#8211; Beneficiar de un cuadro que incita a la inventiva.&nbsp;</p>



<p>Acceso directo a la sección ¿ Por qué integrar la ENDA? Con argumentos más exhaustivos y múltiples razones para los cuales el candidato o la candidata puede integrar la ENDA.&nbsp;</p>



<h3 class="wp-block-heading"><strong>Becas de investigación y de experimentación</strong></h3>



<p>La ENDA ofrece dos becas de investigación y de experimentación a un candidato o una candidata que puede beneficiar de su programa y formular una investigación sin equivalente en Francia o al internacional.&nbsp;</p>



<h3 class="wp-block-heading"><strong>Bourse</strong></h3>



<p>ENDA offre deux bourses de recherche et d’expérimentation à une candidate ou un candidat qui pourrait bénéficier de son programme et formuler une recherche sans équivalent en France ou à l&#8217;international.</p>



<h3 class="wp-block-heading"><strong><strong>Informaciones</strong> </strong></h3>



<p>Los módulos de trabajo teóricos y prácticos tienen lugar los jueves y los viernes de 10h a 13h y de 15h a 18h. Las lenguas de trabajo son el francés y el inglés de manera puntual. Al final de la sesión, la ENDA entrega un DNREA (Diploma nacional de investigación y de experimentación en arte) tras una entrevista ante un jurado/tribunal de sesión y sobre la base de un trabajo serio realizado durante la sesión.</p>



<h3 class="wp-block-heading"><strong><strong>Candidatura</strong></strong></h3>



<p>Las candidaturas se tratan en flujo continuo. El número de estudiantes es limitado, se aconseja inscribirse lo más temprano posible.&nbsp;La matrícula y los gastos de los cursos pueden pagarse en varios plazos y pueden cubrirse como educación continua, becas de investigación o residencias.</p>



<p>Las candidaturas se realizan en línea en la página siguiente:<br><a href="https://form.jotform.com/lacentrale75/formulaire-de-candidature-enda">FORMULARIO DE CANDIDATURA</a></p>



<p>Próxima fecha limite de candidatura: <br><strong>30 de Octubre, 2022 </strong></p>



<h3 class="wp-block-heading">Contacto</h3>



<p>El secretariado<br>Email: admissions@enda.fr<br>http://www.enda.fr</p>

<p>Del 25 de Noviembre, 2022 al 30 de Junio de 2023 La ENDA (École nationale d’art) es una institución de investigación y de experimentación en arte que se constituye como la sección pedagógica de la Bienal de París.&nbsp; Se trata de una escuela disruptiva de nueva generación con una pedagogía innovadora que propone un curso [&hellip;]</p>
